e prime factors of 47621?
7, 6803
List the prime factors of 1584.
2, 3, 11
What are the prime factors of 4371?
3, 31, 47
What are the prime factors of 4521?
3, 11, 137
What are the prime factors of 441?
3, 7
What are the prime factors of 1555?
5, 311
What are the prime factors of 3459?
3, 1153
What are the prime factors of 4619?
31, 149
What are the prime factors of 6631?
19, 349
List the prime factors of 2180.
2, 5, 109
List the prime factors of 7704.
2, 3, 107
List the prime factors of 237.
3, 79
What are the prime factors of 137778?
2, 3, 22963
What are the prime factors of 8631?
3, 7, 137
What are the prime factors of 2611?
7, 373
What are the prime factors of 1920?
2, 3, 5
What are the prime factors of 1871?
1871
What are the prime factors of 2769?
3, 13, 71
What are the prime factors of 697?
17, 41
List the prime factors of 17087.
7, 2441
List the prime factors of 3922.
2, 37, 53
List the prime factors of 1976.
2, 13, 19
What are the prime factors of 17?
17
List the prime factors of 144.
2, 3
What are the prime factors of 1809?
3, 67
What are the prime factors of 22854?
2, 3, 13, 293
What are the prime factors of 3297?
3, 7, 157
List the prime factors of 13529.
83, 163
List the prime factors of 51854.
2, 11, 2357
What are the prime factors of 28442?
2, 14221
What are the prime factors of 368?
2, 23
What are the prime factors of 152394?
2, 3, 11, 2309
List the prime factors of 8930.
2, 5, 19, 47
What are the prime factors of 52913?
7, 7559
What are the prime factors of 50675?
5, 2027
List the prime factors of 1937.
13, 149
What are the prime factors of 779?
19, 41
What are the prime factors of 2131?
2131
List the prime factors of 28023.
3, 9341
List the prime factors of 114376.
2, 17, 29
List the prime factors of 6888.
2, 3, 7, 41
List the prime factors of 45167.
31, 47
List the prime factors of 1105.
5, 13, 17
What are the prime factors of 49153?
13, 19, 199
List the prime factors of 22234.
2, 11117
What are the prime factors of 5914?
2, 2957
List the prime factors of 1437.
3, 479
What are the prime factors of 736?
2, 23
List the prime factors of 5932.
2, 1483
What are the prime factors of 47181?
3, 15727
What are the prime factors of 74638?
2, 67, 557
List the prime factors of 3167.
3167
List the prime factors of 40387.
40387
What are the prime factors of 44538?
2, 3, 13, 571
What are the prime factors of 29?
29
List the prime factors of 9434.
2, 53, 89
What are the prime factors of 7124?
2, 13, 137
List the prime factors of 65293.
65293
What are the prime factors of 2275?
5, 7, 13
List the prime factors of 13999.
13999
What are the prime factors of 90085?
5, 43, 419
What are the prime factors of 1212?
2, 3, 101
List the prime factors of 3449.
3449
What are the prime factors of 16171?
103, 157
List the prime factors of 324.
2, 3
List the prime factors of 1054.
2, 17, 31
What are the prime factors of 1815?
3, 5, 11
List the prime factors of 743.
743
What are the prime factors of 109?
109
What are the prime factors of 70513?
107, 659
List the prime factors of 8247.
3, 2749
List the prime factors of 853.
853
What are the prime factors of 4254?
2, 3, 709
What are the prime factors of 32068?
2, 8017
List the prime factors of 13992.
2, 3, 11, 53
What are the prime factors of 1063?
1063
What are the prime factors of 1436?
2, 359
List the prime factors of 3361.
3361
List the prime factors of 22235.
5, 4447
What are the prime factors of 330?
2, 3, 5, 11
List the prime factors of 47001.
3, 15667
What are the prime factors of 1963?
13, 151
What are the prime factors of 87601?
17, 5153
What are the prime factors of 23900?
2, 5, 239
List the prime factors of 511.
7, 73
What are the prime factors of 7204?
2, 1801
What are the prime factors of 2630?
2, 5, 263
What are the prime factors of 5224?
2, 653
What are the prime factors of 69?
3, 23
What are the prime factors of 986?
2, 17, 29
List the prime factors of 1931.
1931
List the prime factors of 370.
2, 5, 37
List the prime factors of 12249.
3, 1361
List the prime factors of 2155.
5, 431
What are the prime factors of 7480?
2, 5, 11, 17
What are the prime factors of 18307?
18307
What are the prime factors of 10783?
41, 263
What are the prime factors of 44826?
2, 3, 31, 241
List the prime factors of 2835.
3, 5, 7
List the prime factors of 126992.
2, 7937
List the prime factors of 14783.
14783
List the prime factors of 2557.
2557
List the prime factors of 47518.
2, 23, 1033
List the prime factors of 1168.
2, 73
What are the prime factors of 265?
5, 53
What are the prime factors of 4938?
2, 3, 823
What are the prime factors of 1068?
2, 3, 89
List the prime factors of 24608.
2, 769
What are the prime factors of 405?
3, 5
What are the prime factors of 1181?
1181
What are the prime factors of 92020?
2, 5, 43, 107
What are the prime factors of 618?
2, 3, 103
List the prime factors of 98.
2, 7
List the prime factors of 2622.
2, 3, 19, 23
List the prime factors of 4055.
5, 811
List the prime factors of 40950.
2, 3, 5, 7, 13
List the prime factors of 20394.
2, 3, 11, 103
List the prime factors of 20691.
3, 11, 19
List the prime factors of 318.
2, 3, 53
What are the prime factors of 17785?
5, 3557
List the prime factors of 2774.
2, 19, 73
List the prime factors of 32287.
83, 389
List the prime factors of 17468.
2, 11, 397
What are the prime factors of 9388?
2, 2347
List the prime factors of 1290.
2, 3, 5, 43
List the prime factors of 45424.
2, 17, 167
List the prime factors of 7240.
2, 5, 181
List the prime factors of 102845.
5, 67, 307
List the prime factors of 22700.
2, 5, 227
What are the prime factors of 72?
2, 3
List the prime factors of 8.
2
What are the prime factors of 4487?
7, 641
List the prime factors of 16296.
2, 3, 7, 97
List the prime factors of 2992.
2, 11, 17
List the prime factors of 272.
2, 17
List the prime factors of 47684.
2, 7, 13, 131
What are the prime factors of 4295?
5, 859
What are the prime factors of 1401?
3, 467
List the prime factors of 28447.
28447
What are the prime factors of 3392?
2, 53
List the prime factors of 2519.
11, 229
What are the prime factors of 98407?
98407
What are the prime factors of 38454?
2, 3, 13, 17, 29
What are the prime factors of 1436?
2, 359
What are the prime factors of 2018?
2, 1009
What are the prime factors of 3096?
2, 3, 43
List the prime factors of 926.
2, 463
What are the prime factors of 8732?
2, 37, 59
What are the prime factors of 2099?
2099
List the prime factors of 930.
2, 3, 5, 31
List the prime factors of 308.
2, 7, 11
List the prime factors of 1871.
1871
What are the prime factors of 1068?
2, 3, 89
List the prime factors of 2080.
2, 5, 13
What are the prime factors of 361?
19
List the prime factors of 357.
3, 7, 17
List the prime factors of 117.
3, 13
What are the prime factors of 2146?
2, 29, 37
List the prime factors of 75101.
13, 53, 109
List the prime factors of 3885.
3, 5, 7, 37
What are the prime factors of 3549?
3, 7, 13
What are the prime factors of 611?
13, 47
What are the prime factors of 39265?
5, 7853
What are the prime factors of 2584?
2, 17, 19
What are the prime factors of 2820?
2, 3, 5, 47
List the prime factors of 6109.
41, 149
List the prime factors of 22579.
67, 337
What are the prime factors of 73953?
3, 11, 83
What are the prime factors of 76545?
3, 5, 7
What are the prime factors of 24881?
139, 179
List the prime factors of 30148.
2, 7537
List the prime factors of 19937.
19937
What are the prime factors of 2400?
2, 3, 5
List the prime factors of 5535.
3, 5, 41
What are the prime factors of 71117?
19, 197
List the prime factors of 13194.
2, 3, 733
List the prime factors of 632.
2, 79
List the prime factors of 6225.
3, 5, 83
List the prime factors of 3586.
2, 11, 163
List the prime factors of 648.
2, 3
List the prime factors of 20892.
2, 3, 1741
List the prime factors of 21462.
2, 3, 7, 73
What are the prime factors of 11284?
2, 7, 13, 31
What are the prime factors of 17532?
2, 3, 487
List the prime factors of 6296.
2, 787
What are the prime factors of 2026?
2, 1013
List the prime factors of 5121.
3, 569
List the prime factors of 60614.
2, 30307
What are the prime factors of 44685?
3, 5, 331
List the prime factors of 2876.
2, 719
List the prime factors of 18798.
2, 3, 13, 241
What are the prime factors of 150618?
2, 